 the prime factors of x.
3, 7, 61
Let o be ((-6)/4)/(-3)*0. Suppose o*r - 32 = -2*r - 2*p, -5*r - 4*p = -79. What are the prime factors of -8*(-1)/(12/r)?
2, 5
Suppose 3*a + 12 = 0, -i + 3*a = -6*i - 22. Let f be i + 1 + 4/1. Suppose 5*d - k + f*k - 43 = 0, 0 = 3*d - k - 28. What are the prime factors of d?
3
Let h be 11/4 + 3/12. Let o = -157 + 157. Suppose h*l + 81 = 4*m, o = m - 5*l - 0*l + 1. What are the prime factors of m?
2, 3
Suppose 10*p - 2471 = 3*p. What are the prime factors of p?
353
Let l = -391 + 548. What are the prime factors of l?
157
Let b = -12 + 25. Suppose 7 = -5*q - b. Let y(h) = -h**2 - 10*h - 3. List the prime factors of y(q).
3, 7
Let v = 31 + -31. Suppose 2*j - 3*w - 18 = -4, v = -3*j - 2*w + 21. Suppose f = 44 + j. What are the prime factors of f?
3, 17
Let y = -495 - -773. List the prime factors of y.
2, 139
Let b = 2 + -5. Let v be b/4 - 178/8. What are the prime factors of 1/((-1)/v) - 2?
3, 7
Let f = 1019 + 3757. What are the prime factors of f?
2, 3, 199
Let p = -241 - -268. What are the prime factors of p?
3
Suppose 287 = -11*l - 98. What are the prime factors of -1*6/(-15) + (-7196)/l?
2, 103
Let v(m) = 38*m - 13. Let z be v(6). Let g = 301 - z. List the prime factors of g.
2, 43
Suppose 25*i = 26*i - 8. Let k(j) = -2 + j - 1 - 3. What are the prime factors of k(i)?
2
Let o = -1032 - -3456. What are the prime factors of o?
2, 3, 101
Let r = 276 - 247. List the prime factors of r.
29
List the prime factors of -1*((-39)/1 - 8/(-2)).
5, 7
Suppose -16 = -4*b + 2*g, 0 = -g + 5*g + 16. Let o be b - (1 + -1)/3. What are the prime factors of 2*o/(16/172)?
43
Suppose 6*p - 7 = 5. Suppose 0 = 3*a - j - 2*j - 246, 0 = p*a - 4*j - 156. List the prime factors of a.
2, 43
Let n(p) be the second derivative of -3*p**3/2 + 39*p**2/2 + 31*p. List the prime factors of n(-16).
3, 61
Let x = -179 + 181. Let p be (-1)/(-5) - 124/(-5). Suppose x*r + p = 67. What are the prime factors of r?
3, 7
Suppose d - 5*k + 7 = -10*k, -d = 2*k + 1. Suppose 0*h - 3*g = -d*h + 105, 5*g = -3*h + 105. Let x = h + -18. List the prime factors of x.
17
Let j = -235 - -1114. List the prime factors of j.
3, 293
Let g(l) = 2*l**2 - 5*l + 3. Suppose 5*h + 11 = 26. Let b be g(h). Let p(o) = 7*o - 5. What are the prime factors of p(b)?
37
Let w(m) = m**3 + 25*m**2 - 26*m - 20. Let y be w(-26). List the prime factors of 9*(0 - y/12).
3, 5
Let o(p) = p**3 - 7*p**2 + 6*p + 4. Let c be o(6). Suppose -4*j = -3*h - 98 + 747, -878 = -c*h - j. What are the prime factors of h?
3, 73
Let s(y) = 30*y**2 + 8*y - 17. What are the prime factors of s(3)?
277
Let k be 2/(-4) - 28/(-8). Suppose -k*w = s - w - 34, -5*w = 2*s - 73. Let v = s - 13. What are the prime factors of v?
11
Let g(x) = 2*x**2 + 4*x - 7. Let k be g(-4). Suppose -k*o = -5*o + 12. Let m(d) = 4*d**2 + 6*d + 10. What are the prime factors of m(o)?
2, 7
Suppose 28*a = 10926 + 35050. List the prime factors of a.
2, 821
List the prime factors of 598 - 4/10*(-2 + -3).
2, 3, 5
Suppose -i + 12 = -19. Let d = i - 23. What are the prime factors of -13*(-5 + -4 + d)?
13
Let u be (1 + -2 - -61) + -1. Suppose 0 = -6*p + 62 - 50. Suppose 0 = -b - 4*t + 8, -p*b - 3*b = t - u. What are the prime factors of b?
2, 3
Let g be (-33)/(-5) - (-4)/10. Suppose g*i - 55 = 2*i. What are the prime factors of i?
11
Let s = -7 - -12. Suppose -3*n + 8*n + 2*d = 110, -d + 22 = n. Suppose -q = -y + 65 - n, -4*q = -s*y + 216. What are the prime factors of y?
2, 11
Let l = -3466 + 2396. What are the prime factors of ((-2)/(-4))/(5345/l - -5)?
107
What are the prime factors of 957 - (4 + 2 - 12)?
3, 107
List the prime factors of (-35)/(-7) - ((-880)/2 - 4).
449
Let k(x) = 3*x**3 - 21*x**2 - 19*x - 9. List the prime factors of k(10).
701
Suppose -3*s + 0*v + v = 26, 44 = -5*s + v. Let r = -9 - s. Suppose 0 = -2*o + 18 - r. What are the prime factors of o?
3
Suppose -5*o + 2014 = -o + j, 5*o - 2526 = 3*j. What are the prime factors of o?
2, 3, 7
Suppose 0 = q + 24*h - 21*h - 1429, 6 = 2*h. What are the prime factors of q?
2, 5, 71
Let q(u) = -2*u - 86 - u**2 + 89 - 5*u. Let f be q(-7). What are the prime factors of (1 - 0) + 90/f?
31
Let c(l) = -l**2 - 18*l - 14. Let x be c(-17). Suppose -3 = -2*y + x. What are the prime factors of y?
3
Suppose 3*f - 75 = -429. Let b = f - -20. Let m = 171 + b. What are the prime factors of m?
73
Suppose 0 = -4*s + s + 3. Let w be (-48)/(-16) + s*68. Let l = w - 12. List the prime factors of l.
59
Suppose -408 = -v + 2*b, -2*v = -0*v - 5*b - 811. Suppose 0*l - x + v = 5*l, -160 = -2*l - 4*x. What are the prime factors of l?
2, 3, 7
What are the prime factors of (-3 + 13 - -4) + 10/(-5)?
2, 3
Suppose -2*b = 2*b - 12. Suppose -2*l + 10 + 27 = -b*p, -135 = -5*l - p. List the prime factors of l.
2, 13
Suppose 3*n + 5*m - 7 = 7*m, 2*n + m = 7. Suppose -1 = -n*t + 4*t, 5*t + 107 = q. What are the prime factors of q?
2, 3, 17
Let u = -138 + 196. Suppose -7*z + 138 = -u. List the prime factors of z.
2, 7
Suppose -73*o = -79*o + 15222. What are the prime factors of o?
43, 59
Suppose 4*n + n = 3*o - 723, 5*n = -o - 739. Let c = n - -153. List the prime factors of c.
2, 3
Let f(p) = 18*p + 6. Let m(d) = 19*d + 5. Let u(b) = -2*f(b) + 3*m(b). Suppose 5*t + 12 + 7 = 2*z, -2*t = 2*z + 2. List the prime factors of u(z).
3, 5
Suppose 1883 = 13*j - 2056. List the prime factors of j.
3, 101
Let u = 9428 + -5474. What are the prime factors of u?
2, 3, 659
Suppose -52*s + 49*s + 312 = 0. What are the prime factors of s?
2, 13
Let x = -46 - -39. What are the prime factors of (-2)/x + 2926/49?
2, 3, 5
Suppose 0 = 4*k + 2*k + 30. List the prime factors of (-4)/k + (-544)/(-20).
2, 7
Suppose -4*j = 2*k + k - 26, -5*k - 5 = -3*j. Let f be k/10 + 93/(-15). Let d = f + 19. What are the prime factors of d?
13
Suppose 0 = -2*n + 5*g - 5, -2*n + n - 2*g = -2. List the prime factors of 110 + 3 + 1 + (n - -1).
5, 23
Let p(q) = q**3 - 3*q**2 + 4*q + 4. Let a be 0/7*(-2)/4. Suppose -3*w + 4*n - 8 = 0, a*n = 4*w - n - 11. List the prime factors of p(w).
2, 3
Let l(t) = t**3 + 5*t**2 - 6*t. Let v be l(-8). Let d = -81 - v. What are the prime factors of d?
3, 7
List the prime factors of (-15)/3 - (-51070)/(8 - -2).
2, 2551
Let z = -6 + -1. Let w = z - -20. Suppose w = 3*o - 2*o. What are the prime factors of o?
13
Suppose 81 - 29 = -4*x. Suppose 4*s - 194 = -2*v, 3*s - 16 = -2*v + 132. Let z = x + s. List the prime factors of z.
3, 11
Let k = 1037 - 499. What are the prime factors of k?
2, 269
List the prime factors of (-9)/24 - (-4 + (-2241)/24).
97
Suppose 14*b + 219 - 51 = 0. What are the prime factors of ((-10)/8 - 3/b)*-149?
149
List the prime factors of 313/5 + (-99)/165.
2, 31
Let b(r) = 209*r - 718. What are the prime factors of b(7)?
5, 149
Suppose 2*t = -2*d + 4, -t + 36 = 2*t - 3*d. Suppose 0 = t*a - a - 246. What are the prime factors of a?
41
Let t = 1726 - -1460. What are the prime factors of t?
2, 3, 59
Suppose -2*q + 878 = 4*b, b - q - q - 217 = 0. List the prime factors of b.
3, 73
Let x(c) = -94*c**3 + c**2 + c + 1. Let t(p) = p**3 - 3*p**2 - 3*p - 5. Let u be t(4). What are the prime factors of x(u)?
5, 19
Let m be (-184)/(-12) + (-3)/9. Suppose 0 = y - m + 2. What are the prime factors of y?
13
Suppose 0 = -5*p - 3*p + 1464. What are the prime factors of p/(-9)*(0 + -3)?
61
Let k(l) = 5*l**2 + 3*l + 6. Let p be k(-3). Let a be p/15*(27 - -3). Suppose 0 = -2*y + 4*y - a. What are the prime factors of y?
2, 3, 7
Suppose 3*u + 96 = 3*r + 24, -4*u - 96 = 3*r. Let b be (2*u/3)/(-2). Suppose 6*z - b = 2*z. What are the prime factors of z?
2
Let w = 239 - 59. Suppose 0 = -m - 5*m + w. What are the prime factors of m?
2, 3, 5
What are the prime factors of 15*1*(-1784)/(-12)?
2, 5, 223
List the prime factors of ((-619)/2)/(179/(-358)).
619
Suppose 0 = 3*x + 4 - 43. Let k(y) = -2 + x*y**2 + y - 2 - y**2 + 3. List the prime factors of k(1).
2, 3
Suppose 10*o - 525 = 5*o. Let v = -44 + o. What are the prime factors of v?
61
Let g(z) = 3*z**3 - 4*z - 7. Let y be (6 - (-2 - -1)) + -2*2. List the prime factors of g(y).
2, 31
List the prime factors of (5552/32)/((10/(-4))/(-5)).
347
Let o = 692 - 416. What are the prime factors of o?
2, 3, 23
Let y(j) = -j**2 + 3*j - 7. Let w be y(8). Let x = w + 99. What are the prime factors of ((-